98363?
3
What is the ten millions digit of 1383153268?
8
What is the millions digit of 4828753778?
8
What is the ten millions digit of 122596092?
2
What is the ten millions digit of 1710684485?
1
What is the tens digit of 250396050?
5
What is the thousands digit of 624752133?
2
What is the units digit of 7840844099?
9
What is the millions digit of 608182485?
8
What is the ten thousands digit of 77700120?
0
What is the units digit of 8083990556?
6
What is the ten thousands digit of 107103067?
0
What is the millions digit of 32064558?
2
What is the millions digit of 150804540?
0
What is the hundred millions digit of 282222992?
2
What is the ten millions digit of 37071324?
3
What is the thousands digit of 24974057?
4
What is the ten thousands digit of 1197942468?
4
What is the hundred thousands digit of 4109575?
1
What is the ten millions digit of 5359905307?
5
What is the thousands digit of 69080982?
0
What is the tens digit of 1601935017?
1
What is the units digit of 30040933?
3
What is the hundreds digit of 445182214?
2
What is the thousands digit of 7035246691?
6
What is the hundred millions digit of 218162583?
2
What is the thousands digit of 246711?
6
What is the hundreds digit of 44008060?
0
What is the units digit of 4576782688?
8
What is the units digit of 1130004948?
8
What is the hundred thousands digit of 77580420?
5
What is the ten millions digit of 812510783?
1
What is the ten thousands digit of 4468628706?
2
What is the hundreds digit of 2695383873?
8
What is the hundred thousands digit of 112123471?
1
What is the hundred millions digit of 344268979?
3
What is the tens digit of 1547807062?
6
What is the tens digit of 99826402?
0
What is the thousands digit of 40835519?
5
What is the tens digit of 1637601508?
0
What is the ten thousands digit of 95015199?
1
What is the units digit of 17093874?
4
What is the hundred millions digit of 7046119093?
0
What is the hundred thousands digit of 67997587?
9
What is the thousands digit of 31744128?
4
What is the ten thousands digit of 190145260?
4
What is the units digit of 293272571?
1
What is the hundred thousands digit of 1101930477?
9
What is the tens digit of 93545552?
5
What is the tens digit of 107821147?
4
What is the hundreds digit of 90465322?
3
What is the ten thousands digit of 58069416?
6
What is the hundred thousands digit of 2724207465?
2
What is the millions digit of 16475901?
6
What is the hundred thousands digit of 767679228?
6
What is the hundreds digit of 1846448601?
6
What is the hundred thousands digit of 165063449?
0
What is the tens digit of 70372814?
1
What is the hundreds digit of 9435331?
3
What is the millions digit of 21580104?
1
What is the hundred millions digit of 544151514?
5
What is the millions digit of 129251428?
9
What is the tens digit of 996554861?
6
What is the hundred millions digit of 145092240?
1
What is the hundred millions digit of 181624493?
1
What is the millions digit of 508040215?
8
What is the ten millions digit of 2006453524?
0
What is the hundred millions digit of 453658716?
4
What is the ten thousands digit of 176390310?
9
What is the ten thousands digit of 1271925809?
2
What is the millions digit of 317377661?
7
What is the units digit of 6154760190?
0
What is the millions digit of 13771324?
3
What is the tens digit of 572806274?
7
What is the ten thousands digit of 572279178?
7
What is the thousands digit of 39697061?
7
What is the ten thousands digit of 1063738848?
3
What is the ten millions digit of 154743140?
5
What is the ten thousands digit of 763972340?
7
What is the millions digit of 234304443?
4
What is the hundreds digit of 6122693151?
1
What is the tens digit of 3578580255?
5
What is the hundreds digit of 89979590?
5
What is the units digit of 426127655?
5
What is the hundred thousands digit of 23043162?
0
What is the hundred thousands digit of 3563914092?
9
What is the ten millions digit of 29256990?
2
What is the hundreds digit of 387536530?
5
What is the tens digit of 17426404?
0
What is the thousands digit of 1647849291?
9
What is the thousands digit of 30274007?
4
What is the millions digit of 178581297?
8
What is the tens digit of 477450865?
6
What is the ten millions digit of 217993624?
1
What is the billions digit of 4257138375?
4
What is the hundreds digit of 59939348?
3
What is the tens digit of 258225082?
8
What is the millions digit of 80060038?
0
What is the tens digit of 866997?
9
What is the thousands digit of 569570903?
0
What is the units digit of 183683822?
2
What is the thousands digit of 865671505?
1
What is the units digit of 16404007?
7
What is the ten thousands digit of 329380559?
8
What is the ten thousands digit of 39810008?
1
What is the hundreds digit of 85488504?
5
What is the ten thousands digit of 364251754?
5
What is the ten thousands digit of 47685472?
8
What is the hundred thousands digit of 31621592?
6
What is the ten thousands digit of 17116681?
1
What is the units digit of 97345670?
0
What is the millions digit of 29305360?
9
What is the units digit of 567146865?
5
What is the ten millions digit of 1503754902?
0
What is the hundreds digit of 8642811?
8
What is the hundred millions digit of 1699764323?
6
What is the millions digit of 33156128?
3
What is the millions digit of 15173658?
5
What is the hundred millions digit of 1388153189?
3
What is the thousands digit of 8369901?
9
What is the ten millions digit of 41400638?
4
What is the tens digit of 169277756?
5
What is the hundreds digit of 18209145?
1
What is the hundred thousands digit of 334132309?
1
What is the units digit of 4562886?
6
What is the thousands digit of 696006817?
6
What is the hundreds digit of 7601451034?
0
What is the ten thousands digit of 884817594?
1
What is the millions digit of 198312401?
8
What is the units digit of 83080521?
1
What is the billions digit of 2550203500?
2
What is the hundred millions digit of 126859364?
1
What is the thousands digit of 4181679390?
9
What is the hundreds digit of 2154964921?
9
What is the hundreds digit of 1891977459?
4
What is the hundreds digit of 2876562328?
3
What is the units digit of 15523791?
1
What is the tens digit of 7758750810?
1
What is the tens digit of 10832503?
0
What is the ten millions digit of 30302614?
3
What is the ten thousands digit of 12818759?
1
What is the billions digit of 1674444252?
1
What is the tens digit of 77992687?
8
What is the ten thousands digit of 1078897381?
9
What is the tens digit of 976182195?
9
What is the thousands digit of 892841856?
1
What is the hundred thousands digit of 7011058958?
0
What is the ten thousands digit of 2098410865?
1
What is the tens digit of 2269719?
1
What is the ten millions digit of 3820243102?
2
What is the thousands digit of 69459613?
9
What is the hundreds digit of 1787340296?
2
What is the units digit of 402578072?
2
What is the ten millions digit of 126717501?
2
What is the ten millions digit of 48998739?
4
What is the hundred millions digit of 858762858?
8
What is the units digit of 2177730924?
4
What is the units digit of 51253800?
0
What is the tens digit of 71377387?
8
What is the hundred thousands digit of 41902551?
9
What is the hundreds digit of 63513855?
8
What is the tens digit of 3396921?
2
What is the ten millions digit of 533094002?
3
What is the ten millions digit of 101168539?
0
What is the ten thousands digit of 35474355?
7
What is the tens digit of 2456458064?
6
What is the units digit of 107364713?
3
What is the millions digit of 48534299?
8
What is the ten millions digit of 1019213931?
1
What is the hundred thousands digit of 28405509?
4
What is the ten thousands digit of 41636924?
3
What is the units digit of 41584168?
8
What is the ten millions digit of 38620827?
3
What is the hundred thousands digit of 130113391?
1
What is the hundred millions digit of 1198563405?
1
What is the hundreds digit of 1796309819?
8
What is the hundreds digit of 317991284?
2
What is the millions digit of 10800988?
0
What is the hundred thousands digit of 696680322?
6
What is the hundreds digit of 231833718?
7
What is the hundreds digit of 482817505?
5
What is the hundred thousands digit of 269104652?
1
What is the ten thousands digit of 59493872?
9
What is the thousands digit of 526460675?
0
What is the hundred mil